{"id":80,"date":"2017-09-05T10:49:47","date_gmt":"2017-09-05T08:49:47","guid":{"rendered":"http:\/\/demo.curlythemes.com\/art-gallery-wp\/?page_id=80"},"modified":"2022-03-17T10:44:35","modified_gmt":"2022-03-17T09:44:35","slug":"association","status":"publish","type":"page","link":"https:\/\/sculpteurpradier.com\/index.php\/association\/","title":{"rendered":"Association"},"content":{"rendered":"[vc_row full_width=\u00a0\u00bbstretch_row\u00a0\u00bb curly_bg_repeat=\u00a0\u00bbbg-no-repeat\u00a0\u00bb curly_bg_position=\u00a0\u00bbbg-pos-center-bottom\u00a0\u00bb curly_padding=\u00a0\u00bbcontent-padding-lg\u00a0\u00bb css=\u00a0\u00bb.vc_custom_1504179041831{padding-top: 15% !important;background-color: #f5f5f5 !important;background-position: center !important;background-repeat: no-repeat !important;background-size: cover !important;}\u00a0\u00bb][vc_column width=\u00a0\u00bb1\/2&Prime;][vc_column_text]\n<div class=\"cus-anchor\">\n<a id=\"qui-sommes-nous\"><\/a><\/p>\n<h1 class=\"display-1\">Qui sommes-nous ?<\/h1>\n<\/div>\n[\/vc_column_text][vc_empty_space height=\u00a0\u00bb\u00a0\u00bb el_class=\u00a0\u00bbxtd-spacer&#8211;lg\u00a0\u00bb][vc_column_text]\n<p class=\"lead lead-lg\">James Pradier est un sculpteur du XIXe si\u00e8cle, reconnu des experts et peu connu du grand public.<\/p>\n[\/vc_column_text][vc_empty_space height=\u00a0\u00bb\u00a0\u00bb el_class=\u00a0\u00bbxtd-spacer\u00a0\u00bb][vc_row_inner][vc_column_inner width=\u00a0\u00bb1\/2&Prime;][vc_column_text]Tout l\u2019objet de l\u2019association est d\u2019\u0153uvrer pour une meilleure connaissance de son \u0152uvre, que ce soit aupr\u00e8s du grand public ou bien des professionnels de la culture, en esp\u00e9rant qu\u2019un jour, une grande exposition lui soit, de nouveau, consacr\u00e9e.[\/vc_column_text][\/vc_column_inner][vc_column_inner width=\u00a0\u00bb1\/2&Prime;][vc_column_text]Les publics vis\u00e9s sont les \u00e9tudiants en art, les amateurs d\u2019art de 4 \u00e0 99 ans, et les professionnels de la culture (historien, conservateur, critique, politique \u2026).[\/vc_column_text][\/vc_column_inner][\/vc_row_inner][\/vc_column][vc_column width=\u00a0\u00bb5\/12&Prime; offset=\u00a0\u00bbvc_col-sm-offset-1&Prime;][vc_single_image image=\u00a0\u00bb693&Prime; img_size=\u00a0\u00bblarge\u00a0\u00bb style=\u00a0\u00bbxtd-shadow&#8211;normal-normal\u00a0\u00bb el_class=\u00a0\u00bbxtd-offset-frame\u00a0\u00bb][\/vc_column][\/vc_row][vc_row full_width=\u00a0\u00bbstretch_row\u00a0\u00bb curly_bg_repeat=\u00a0\u00bbbg-no-repeat\u00a0\u00bb curly_bg_position=\u00a0\u00bbbg-pos-center-bottom\u00a0\u00bb curly_bg_parallax=\u00a0\u00bbtrue\u00a0\u00bb curly_padding=\u00a0\u00bbcontent-padding-lg\u00a0\u00bb css=\u00a0\u00bb.vc_custom_1504180279621{padding-top: 15% !important;background-position: center !important;background-repeat: no-repeat !important;background-size: cover !important;}\u00a0\u00bb el_id=\u00a0\u00bbabout-us\u00a0\u00bb][vc_column][vc_column_text]\n<div class=\"cus-anchor\">\n<p><a id=\"genese-de-l-association\"><\/a><\/p>\n<h1 class=\"display-1\" style=\"text-align: center;\">Gen\u00e8se de l\u2019association<\/h1>\n<\/div>\n[\/vc_column_text][vc_empty_space height=\u00a0\u00bb\u00a0\u00bb el_class=\u00a0\u00bbxtd-spacer&#8211;xl\u00a0\u00bb]<div class='xtd-timeline '><div class='xtd-timeline__item' data-title='Parution des deux premiers volumes de la correspondance de l\u2019artiste'>[vc_single_image image=\u00a0\u00bb648&Prime; img_size=\u00a0\u00bblarge\u00a0\u00bb style=\u00a0\u00bbxtd-shadow&#8211;normal-light\u00a0\u00bb el_class=\u00a0\u00bbxtd-offset-frame\u00a0\u00bb][vc_column_text css=\u00a0\u00bb.vc_custom_1610382002890{margin-top: -3em !important;}\u00a0\u00bb el_class=\u00a0\u00bbz-index&#8211;1 color-primary\u00a0\u00bb]<strong class=\"font-family--h1 display-1\">1984<\/strong>[\/vc_column_text][vc_empty_space][vc_column_text]\n<p class=\"lead-sm h1--font-family\">En 1984 paraissaient les deux premiers volumes de la correspondance de l\u2019artiste, r\u00e9dig\u00e9s avec la plus grande rigueur par Douglas Siler. Ce dernier a travaill\u00e9, entre autre, en utilisant le fond Pradier qu\u2019il a consult\u00e9 pendant plusieurs ann\u00e9es. Un troisi\u00e8me volume de la correspondance para\u00eet en 1988. Ce livre permet de pr\u00e9ciser la gen\u00e8se des \u0153uvres \u00e9labor\u00e9es entre 1843 et 1846. Le quatri\u00e8me volume de correspondance doit sortir bient\u00f4t. Et il y en a encore deux autres \u00e0 venir, ce qui portera cette \u0153uvre \u00e0 6 volumes.<\/p>\n[\/vc_column_text]<\/div><div class='xtd-timeline__item' data-title='Exposition \u00ab Statues de Chair \u00bb'>[vc_single_image image=\u00a0\u00bb649&Prime; img_size=\u00a0\u00bblarge\u00a0\u00bb style=\u00a0\u00bbxtd-shadow&#8211;normal-light\u00a0\u00bb el_class=\u00a0\u00bbxtd-offset-frame\u00a0\u00bb][vc_column_text css=\u00a0\u00bb.vc_custom_1610382057851{margin-top: -3em !important;}\u00a0\u00bb el_class=\u00a0\u00bbz-index&#8211;1 color-primary\u00a0\u00bb]<strong class=\"font-family--h1 display-1\">1985<\/strong>[\/vc_column_text][vc_empty_space][vc_column_text]\n<p class=\"lead-sm h1--font-family\">En 1985, l\u2019exposition \u00ab Statues de Chair \u00bb, au mus\u00e9e d\u2019art et d\u2019Histoire de Gen\u00e8ve et pr\u00e9sent\u00e9e l\u2019ann\u00e9e suivante au mus\u00e9e du Luxembourg de Paris.<\/p>\n[\/vc_column_text]<\/div><div class='xtd-timeline__item' data-title='Cr\u00e9ation du forum James Pradier'>[vc_single_image image=\u00a0\u00bb650&Prime; img_size=\u00a0\u00bblarge\u00a0\u00bb style=\u00a0\u00bbxtd-shadow&#8211;normal-light\u00a0\u00bb el_class=\u00a0\u00bbxtd-offset-frame\u00a0\u00bb][vc_column_text css=\u00a0\u00bb.vc_custom_1610382110148{margin-top: -3em !important;}\u00a0\u00bb el_class=\u00a0\u00bbz-index&#8211;1 color-primary\u00a0\u00bb]<strong class=\"font-family--h1 display-1\">2003<\/strong>[\/vc_column_text][vc_empty_space][vc_column_text]\n<p class=\"lead-sm h1--font-family\">Depuis 2003, Douglas Siler anime d\u2019une fa\u00e7on remarquable un site web : \u00ab <a href=\"http:\/\/jamespradier.com\/\" target=\"_blank\" rel=\"noreferrer noopener\" data-type=\"URL\" data-id=\"http:\/\/jamespradier.com\/\">Forum Pradier<\/a> \u00bb, que vous pouvez trouver sans probl\u00e8me sur Internet. La richesse des publications que l\u2019on peut consulter sur ce site montre l\u2019importance du sculpteur James Pradier sp\u00e9cialement aupr\u00e8s des professionnels du monde de l\u2019art.<\/p>\n[\/vc_column_text]<\/div><div class='xtd-timeline__item' data-title='Exposition des \u00ab Dessins de James Pradier dans les collections de l\u2019\u00c9cole Nationale Sup\u00e9rieure des Beaux-Arts \u00bb'>[vc_single_image image=\u00a0\u00bb651&Prime; img_size=\u00a0\u00bblarge\u00a0\u00bb style=\u00a0\u00bbxtd-shadow&#8211;normal-light\u00a0\u00bb el_class=\u00a0\u00bbxtd-offset-frame\u00a0\u00bb css=\u00a0\u00bb.vc_custom_1622648353516{margin-right: -6rem !important;}\u00a0\u00bb curly_max_width=\u00a0\u00bb100%\u00a0\u00bb][vc_column_text css=\u00a0\u00bb.vc_custom_1610382171346{margin-top: -3em !important;}\u00a0\u00bb el_class=\u00a0\u00bbz-index&#8211;1 color-primary\u00a0\u00bb]<strong class=\"font-family--h1 display-1\">2006<\/strong>[\/vc_column_text][vc_empty_space][vc_column_text]\n<p class=\"lead-sm h1--font-family\">En 2006, le cabinet des dessins Jean Bonna, \u00e0 l\u2019\u00c9cole Nationale Sup\u00e9rieure des Beaux-Arts de Paris a organis\u00e9 une exposition en deux volets s\u2019intitulant : \u00ab Dessins de James Pradier dans les collections de l\u2019\u00c9cole Nationale Sup\u00e9rieure des Beaux-Arts \u00bb. Pour clore cette exposition, une r\u00e9union de sp\u00e9cialistes de Pradier s\u2019est tenue. Ils ont invit\u00e9 plusieurs futurs membres de l\u2019association, afin de d\u00e9couvrir 20 dessins de Pradier appartenant au fond des descendants du sculpteur et de faire le point des recherches en cours (certaines se sont transform\u00e9es en documents publi\u00e9s sur le <a href=\"http:\/\/jamespradier.com\/\" target=\"_blank\" rel=\"noreferrer noopener\" data-type=\"URL\" data-id=\"http:\/\/jamespradier.com\/\">Forum Pradier<\/a>.<\/p>\n[\/vc_column_text]<\/div><div class='xtd-timeline__item' data-title='Exposition \u00ab Juliette Drouet : Mon \u00e2me \u00e0 ton c\u0153ur s\u2019est donn\u00e9e, Victor Hugo \u00bb'>[vc_single_image image=\u00a0\u00bb652&Prime; img_size=\u00a0\u00bblarge\u00a0\u00bb style=\u00a0\u00bbxtd-shadow&#8211;normal-light\u00a0\u00bb el_class=\u00a0\u00bbxtd-offset-frame\u00a0\u00bb css=\u00a0\u00bb.vc_custom_1622648342069{margin-right: -6rem !important;}\u00a0\u00bb curly_max_width=\u00a0\u00bb100%\u00a0\u00bb][vc_column_text css=\u00a0\u00bb.vc_custom_1610382199500{margin-top: -3em !important;}\u00a0\u00bb el_class=\u00a0\u00bbz-index&#8211;1 color-primary\u00a0\u00bb]<strong class=\"font-family--h1 display-1\">2006-2007<\/strong>[\/vc_column_text][vc_empty_space][vc_column_text]\n<p class=\"lead-sm h1--font-family\">En 2006-2007, la Maison de Victor Hugo a organis\u00e9 une exposition : \u00ab Juliette Drouet : Mon \u00e2me \u00e0 ton c\u0153ur s\u2019est donn\u00e9e, Victor Hugo \u00bb. Dans ce cadre, de futurs membres de l\u2019association ont \u00e9t\u00e9 contact\u00e9s pour leur pr\u00eater des \u0153uvres de James Pradier pour la premi\u00e8re salle de l\u2019exposition. En effet, Juliette Drouet a \u00e9t\u00e9 mod\u00e8le dans l\u2019atelier du sculpteur Pradier.<\/p>\n[\/vc_column_text]<\/div><div class='xtd-timeline__item' data-title='Cr\u00e9ation de l\u2019Association des Amis du Sculpteur James Pradier'>[vc_single_image image=\u00a0\u00bb653&Prime; img_size=\u00a0\u00bblarge\u00a0\u00bb style=\u00a0\u00bbxtd-shadow&#8211;normal-light\u00a0\u00bb el_class=\u00a0\u00bbxtd-offset-frame\u00a0\u00bb css=\u00a0\u00bb.vc_custom_1622648274427{margin-right: -6rem !important;}\u00a0\u00bb curly_max_width=\u00a0\u00bb100%\u00a0\u00bb][vc_column_text css=\u00a0\u00bb.vc_custom_1610382325388{margin-top: -3em !important;}\u00a0\u00bb el_class=\u00a0\u00bbz-index&#8211;1 color-primary\u00a0\u00bb]<strong class=\"font-family--h1 display-1\">2019<\/strong>[\/vc_column_text][vc_empty_space][vc_column_text]\n<p class=\"lead-sm h1--font-family\">L\u2019Association des Amis du Sculpteur James Pradier est cr\u00e9\u00e9e.<\/p>\n[\/vc_column_text]<\/div><\/div>[\/vc_column][\/vc_row][vc_row full_width=\u00a0\u00bbstretch_row\u00a0\u00bb gap=\u00a0\u00bb35&Prime; curly_padding=\u00a0\u00bbcontent-padding\u00a0\u00bb css=\u00a0\u00bb.vc_custom_1504636772443{background-color: #f5f5f5 !important;}\u00a0\u00bb el_id=\u00a0\u00bbour-artists\u00a0\u00bb][vc_column][vc_column_text]\n<div class=\"cus-anchor\">\n<p><a id=\"nos-missions\"><\/a><\/p>\n<h1 class=\"display-1 special-title\" style=\"text-align: center;\">Nos missions<\/h1>\n<\/div>\n[\/vc_column_text][\/vc_column][vc_column width=\u00a0\u00bb1\/3&Prime;]<div class='xtd-person  '><div class='xtd-person__image color-primary xtd-shadow--normal-light'><img loading=\"lazy\" decoding=\"async\" width=\"660\" height=\"440\" src=\"https:\/\/sculpteurpradier.com\/wp-content\/uploads\/2021\/01\/1mediation.jpg\" class=\"attachment-large size-large\" alt=\"\" srcset=\"https:\/\/sculpteurpradier.com\/wp-content\/uploads\/2021\/01\/1mediation.jpg 900w, https:\/\/sculpteurpradier.com\/wp-content\/uploads\/2021\/01\/1mediation-300x200.jpg 300w, https:\/\/sculpteurpradier.com\/wp-content\/uploads\/2021\/01\/1mediation-768x512.jpg 768w\" sizes=\"(max-width: 660px) 100vw, 660px\" \/><\/div><div class='xtd-person__info'><div class='xtd-person__title h2'>M\u00e9diation culturelle<\/div><div class='xtd-person__content'><span class=\"lead\">Organiser des actions de m\u00e9diation culturelle avec des conf\u00e9rences, des visites guid\u00e9es, des ateliers p\u00e9dagogiques, en cr\u00e9ant des contenus pour les r\u00e9seaux sociaux et le site internet.\u00a0<\/span><\/div><\/div><\/div>[\/vc_column][vc_column width=\u00a0\u00bb1\/3&Prime;]<div class='xtd-person  '><div class='xtd-person__image color-primary xtd-shadow--normal-light'><img loading=\"lazy\" decoding=\"async\" width=\"660\" height=\"440\" src=\"https:\/\/sculpteurpradier.com\/wp-content\/uploads\/2021\/01\/2rencontres.jpg\" class=\"attachment-large size-large\" alt=\"\" srcset=\"https:\/\/sculpteurpradier.com\/wp-content\/uploads\/2021\/01\/2rencontres.jpg 900w, https:\/\/sculpteurpradier.com\/wp-content\/uploads\/2021\/01\/2rencontres-300x200.jpg 300w, https:\/\/sculpteurpradier.com\/wp-content\/uploads\/2021\/01\/2rencontres-768x512.jpg 768w\" sizes=\"(max-width: 660px) 100vw, 660px\" \/><\/div><div class='xtd-person__info'><div class='xtd-person__title h2'>Organiser des expositions<\/div><div class='xtd-person__content'><span class=\"lead\">Rencontrer des acteurs du monde de la culture et valoriser l\u2019\u0153uvre de James Pradier et des grands sculpteurs de la premi\u00e8re moiti\u00e9 du XIXe si\u00e8cle pour organiser de grandes expositions.<\/span><\/div><\/div><\/div>[\/vc_column][vc_column width=\u00a0\u00bb1\/3&Prime;]<div class='xtd-person  '><div class='xtd-person__image color-primary xtd-shadow--normal-light'><img loading=\"lazy\" decoding=\"async\" width=\"660\" height=\"440\" src=\"https:\/\/sculpteurpradier.com\/wp-content\/uploads\/2021\/01\/3ruedeparis.jpg\" class=\"attachment-large size-large\" alt=\"\" srcset=\"https:\/\/sculpteurpradier.com\/wp-content\/uploads\/2021\/01\/3ruedeparis.jpg 900w, https:\/\/sculpteurpradier.com\/wp-content\/uploads\/2021\/01\/3ruedeparis-300x200.jpg 300w, https:\/\/sculpteurpradier.com\/wp-content\/uploads\/2021\/01\/3ruedeparis-768x512.jpg 768w\" sizes=\"(max-width: 660px) 100vw, 660px\" \/><\/div><div class='xtd-person__info'><div class='xtd-person__title h2'>Montrer le sculpteur dans la ville<\/div><div class='xtd-person__content'><span class=\"lead\">Entreprendre les d\u00e9marches pour faire baptiser une rue James Pradier \u00e0 Paris et installer des plaques comm\u00e9moratives pour inscrire son souvenir aujourd&rsquo;hui.<br \/>\n<\/span><\/div><\/div><\/div>[\/vc_column][\/vc_row][vc_row full_width=\u00a0\u00bbstretch_row\u00a0\u00bb gap=\u00a0\u00bb35&Prime; curly_padding=\u00a0\u00bbcontent-padding\u00a0\u00bb css=\u00a0\u00bb.vc_custom_1610619855465{margin-top: -150px !important;background-color: #f5f5f5 !important;}\u00a0\u00bb][vc_column width=\u00a0\u00bb1\/6&Prime;][\/vc_column][vc_column width=\u00a0\u00bb1\/3&Prime;]<div class='xtd-person  '><div class='xtd-person__image color-primary xtd-shadow--normal-light'><img loading=\"lazy\" decoding=\"async\" width=\"660\" height=\"440\" src=\"https:\/\/sculpteurpradier.com\/wp-content\/uploads\/2021\/01\/4mecenat.jpg\" class=\"attachment-large size-large\" alt=\"\" srcset=\"https:\/\/sculpteurpradier.com\/wp-content\/uploads\/2021\/01\/4mecenat.jpg 900w, https:\/\/sculpteurpradier.com\/wp-content\/uploads\/2021\/01\/4mecenat-300x200.jpg 300w, https:\/\/sculpteurpradier.com\/wp-content\/uploads\/2021\/01\/4mecenat-768x512.jpg 768w\" sizes=\"(max-width: 660px) 100vw, 660px\" \/><\/div><div class='xtd-person__info'><div class='xtd-person__title h2'>Acqu\u00e9rir des \u0153uvres d\u2019art<\/div><div class='xtd-person__content'><span class=\"lead\">Rechercher des fonds de m\u00e9c\u00e9nat et de subventions publiques en vue de d\u00e9velopper les actions p\u00e9dagogiques de l\u2019association et d\u2019acqu\u00e9rir des \u0153uvres d\u2019art de la premi\u00e8re moiti\u00e9 du XIXe si\u00e8cle pour le compte de l\u2019association. Ceci afin de soutenir l\u2019\u00e9tude, la recherche et le montage d\u2019expositions consacr\u00e9es \u00e0 la sculpture fran\u00e7aise de cette p\u00e9riode.<\/span><\/div><\/div><\/div>[\/vc_column][vc_column width=\u00a0\u00bb1\/3&Prime;]<div class='xtd-person  '><div class='xtd-person__image color-primary xtd-shadow--normal-light'><img loading=\"lazy\" decoding=\"async\" width=\"660\" height=\"440\" src=\"https:\/\/sculpteurpradier.com\/wp-content\/uploads\/2021\/01\/5organiser.jpg\" class=\"attachment-large size-large\" alt=\"\" srcset=\"https:\/\/sculpteurpradier.com\/wp-content\/uploads\/2021\/01\/5organiser.jpg 900w, https:\/\/sculpteurpradier.com\/wp-content\/uploads\/2021\/01\/5organiser-300x200.jpg 300w, https:\/\/sculpteurpradier.com\/wp-content\/uploads\/2021\/01\/5organiser-768x512.jpg 768w\" sizes=\"(max-width: 660px) 100vw, 660px\" \/><\/div><div class='xtd-person__info'><div class='xtd-person__title h2'>Enrichir les archives<\/div><div class='xtd-person__content'><span class=\"lead\">Organiser, inventorier et pr\u00e9server les archives de la Famille Pradier dans un but de recherche. Pr\u00e9parer la transmission de ce fonds priv\u00e9 pour enrichir les collections d\u2019institutions publiques par donation.<\/span><\/div><\/div><\/div>[\/vc_column][vc_column width=\u00a0\u00bb1\/6&Prime;][\/vc_column][\/vc_row]\n","protected":false},"excerpt":{"rendered":"<p>[vc_row full_width=\u00a0\u00bbstretch_row\u00a0\u00bb curly_bg_repeat=\u00a0\u00bbbg-no-repeat\u00a0\u00bb curly_bg_position=\u00a0\u00bbbg-pos-center-bottom\u00a0\u00bb curly_padding=\u00a0\u00bbcontent-padding-lg\u00a0\u00bb css=\u00a0\u00bb.vc_custom_1504179041831{padding-top: 15% !important;background-color: #f5f5f5 !important;background-position: center !important;background-repeat: no-repeat !important;background-size: cover !important;}\u00a0\u00bb][vc_column width=\u00a0\u00bb1\/2&Prime;][vc_column_text] Qui sommes-nous ? [\/vc_column_text][vc_empty_space height=\u00a0\u00bb\u00a0\u00bb el_class=\u00a0\u00bbxtd-spacer&#8211;lg\u00a0\u00bb][vc_column_text] James Pradier est un sculpteur du XIXe si\u00e8cle, reconnu des experts et peu connu du grand public. [\/vc_column_text][vc_empty_space height=\u00a0\u00bb\u00a0\u00bb el_class=\u00a0\u00bbxtd-spacer\u00a0\u00bb][vc_row_inner][vc_column_inner width=\u00a0\u00bb1\/2&Prime;][vc_column_text]Tout l\u2019objet de l\u2019association est d\u2019\u0153uvrer pour une meilleure connaissance de son \u0152uvre, que ce soit aupr\u00e8s [&hellip;]<\/p>\n","protected":false},"author":1,"featured_media":0,"parent":0,"menu_order":0,"comment_status":"closed","ping_status":"closed","template":"","meta":{"footnotes":""},"_links":{"self":[{"href":"https:\/\/sculpteurpradier.com\/index.php\/wp-json\/wp\/v2\/pages\/80"}],"collection":[{"href":"https:\/\/sculpteurpradier.com\/index.php\/wp-json\/wp\/v2\/pages"}],"about":[{"href":"https:\/\/sculpteurpradier.com\/index.php\/wp-json\/wp\/v2\/types\/page"}],"author":[{"embeddable":true,"href":"https:\/\/sculpteurpradier.com\/index.php\/wp-json\/wp\/v2\/users\/1"}],"replies":[{"embeddable":true,"href":"https:\/\/sculpteurpradier.com\/index.php\/wp-json\/wp\/v2\/comments?post=80"}],"version-history":[{"count":35,"href":"https:\/\/sculpteurpradier.com\/index.php\/wp-json\/wp\/v2\/pages\/80\/revisions"}],"predecessor-version":[{"id":781,"href":"https:\/\/sculpteurpradier.com\/index.php\/wp-json\/wp\/v2\/pages\/80\/revisions\/781"}],"wp:attachment":[{"href":"https:\/\/sculpteurpradier.com\/index.php\/wp-json\/wp\/v2\/media?parent=80"}],"curies":[{"name":"wp","href":"https:\/\/api.w.org\/{rel}","templated":true}]}}