{"id":337,"date":"2020-11-19T17:04:07","date_gmt":"2020-11-19T16:04:07","guid":{"rendered":"http:\/\/sculpteurpradier.com\/?page_id=337"},"modified":"2021-04-28T11:35:51","modified_gmt":"2021-04-28T09:35:51","slug":"adhesion","status":"publish","type":"page","link":"https:\/\/sculpteurpradier.com\/index.php\/adhesion\/","title":{"rendered":"Adh\u00e9sion"},"content":{"rendered":"[vc_row][vc_column css=\u00a0\u00bb.vc_custom_1607003334190{margin-top: -30px !important;}\u00a0\u00bb][vc_column_text]\n<div align=\"center\">\n<p class=\"Style4\" align=\"left\">James Pradier et les sculpteur du d\u00e9but du XIXe vous int\u00e9ressent, alors&#8230;<\/p>\n<h3><span class=\"style11\"><strong>ADH\u00c9REZ <\/strong>\u00c0 L\u2019ASSOCIATION<br \/>DES AMIS DU SCULPTEUR JAMES PRADIER. <\/span><\/h3>\n<\/div>\n[\/vc_column_text][\/vc_column][\/vc_row][vc_row][vc_column width=\u00a0\u00bb1\/6&Prime;][\/vc_column][vc_column width=\u00a0\u00bb2\/3&Prime; curly_min_height=\u00a0\u00bb2 px\u00a0\u00bb][vc_raw_html]JTNDaWZyYW1lJTIwaWQlM0QlMjJoYVdpZGdldCUyMiUyMGFsbG93dHJhbnNwYXJlbmN5JTNEJTIydHJ1ZSUyMiUyMHNjcm9sbGluZyUzRCUyMmF1dG8lMjIlMjBzcmMlM0QlMjJodHRwcyUzQSUyRiUyRnd3dy5oZWxsb2Fzc28uY29tJTJGYXNzb2NpYXRpb25zJTJGYXNzb2NpYXRpb24tZGVzLWFtaXMtZHUtc2N1bHB0ZXVyLWphbWVzLXByYWRpZXIlMkZhZGhlc2lvbnMlMkZhZGhlc2lvbi1hLWwtYXNzb2NpYXRpb24tZGVzLWFtaXMtZHUtc2N1bHB0ZXVyLWphbWVzLXByYWRpZXIlMkZ3aWRnZXQlMjIlMjBzdHlsZSUzRCUyMndpZHRoJTNBMTAwJTI1JTNCaGVpZ2h0JTNBMTExMHB4JTNCYm9yZGVyJTNBbm9uZSUzQiUyMiUyMG9ubG9hZCUzRCUyMndpbmRvdy5zY3JvbGwlMjgwJTJDJTIwdGhpcy5vZmZzZXRUb3AlMjklMjIlM0UlM0MlMkZpZnJhbWUlM0UlM0NkaXYlMjBzdHlsZSUzRCUyMndpZHRoJTNBMTAwJTI1JTNCdGV4dC1hbGlnbiUzQWNlbnRlciUzQiUyMiUzRVByb3B1bHMlQzMlQTklMjBwYXIlMjAlM0NhJTIwaHJlZiUzRCUyMmh0dHBzJTNBJTJGJTJGd3d3LmhlbGxvYXNzby5jb20lMjIlMjByZWwlM0QlMjJub2ZvbGxvdyUyMiUzRUhlbGxvQXNzbyUzQyUyRmElM0UlM0MlMkZkaXYlM0U=[\/vc_raw_html][\/vc_column][vc_column width=\u00a0\u00bb1\/6&Prime;][\/vc_column][\/vc_row]\n","protected":false},"excerpt":{"rendered":"<p>[vc_row][vc_column css=\u00a0\u00bb.vc_custom_1607003334190{margin-top: -30px !important;}\u00a0\u00bb][vc_column_text] James Pradier et les sculpteur du d\u00e9but du XIXe vous int\u00e9ressent, alors&#8230; ADH\u00c9REZ \u00c0 L\u2019ASSOCIATIONDES AMIS DU SCULPTEUR JAMES PRADIER. [\/vc_column_text][\/vc_column][\/vc_row][vc_row][vc_column width=\u00a0\u00bb1\/6&Prime;][\/vc_column][vc_column width=\u00a0\u00bb2\/3&Prime; curly_min_height=\u00a0\u00bb2 px\u00a0\u00bb][vc_raw_html]JTNDaWZyYW1lJTIwaWQlM0QlMjJoYVdpZGdldCUyMiUyMGFsbG93dHJhbnNwYXJlbmN5JTNEJTIydHJ1ZSUyMiUyMHNjcm9sbGluZyUzRCUyMmF1dG8lMjIlMjBzcmMlM0QlMjJodHRwcyUzQSUyRiUyRnd3dy5oZWxsb2Fzc28uY29tJTJGYXNzb2NpYXRpb25zJTJGYXNzb2NpYXRpb24tZGVzLWFtaXMtZHUtc2N1bHB0ZXVyLWphbWVzLXByYWRpZXIlMkZhZGhlc2lvbnMlMkZhZGhlc2lvbi1hLWwtYXNzb2NpYXRpb24tZGVzLWFtaXMtZHUtc2N1bHB0ZXVyLWphbWVzLXByYWRpZXIlMkZ3aWRnZXQlMjIlMjBzdHlsZSUzRCUyMndpZHRoJTNBMTAwJTI1JTNCaGVpZ2h0JTNBMTExMHB4JTNCYm9yZGVyJTNBbm9uZSUzQiUyMiUyMG9ubG9hZCUzRCUyMndpbmRvdy5zY3JvbGwlMjgwJTJDJTIwdGhpcy5vZmZzZXRUb3AlMjklMjIlM0UlM0MlMkZpZnJhbWUlM0UlM0NkaXYlMjBzdHlsZSUzRCUyMndpZHRoJTNBMTAwJTI1JTNCdGV4dC1hbGlnbiUzQWNlbnRlciUzQiUyMiUzRVByb3B1bHMlQzMlQTklMjBwYXIlMjAlM0NhJTIwaHJlZiUzRCUyMmh0dHBzJTNBJTJGJTJGd3d3LmhlbGxvYXNzby5jb20lMjIlMjByZWwlM0QlMjJub2ZvbGxvdyUyMiUzRUhlbGxvQXNzbyUzQyUyRmElM0UlM0MlMkZkaXYlM0U=[\/vc_raw_html][\/vc_column][vc_column width=\u00a0\u00bb1\/6&Prime;][\/vc_column][\/vc_row]<\/p>\n","protected":false},"author":1,"featured_media":0,"parent":0,"menu_order":0,"comment_status":"closed","ping_status":"closed","template":"","meta":{"footnotes":""},"_links":{"self":[{"href":"https:\/\/sculpteurpradier.com\/index.php\/wp-json\/wp\/v2\/pages\/337"}],"collection":[{"href":"https:\/\/sculpteurpradier.com\/index.php\/wp-json\/wp\/v2\/pages"}],"about":[{"href":"https:\/\/sculpteurpradier.com\/index.php\/wp-json\/wp\/v2\/types\/page"}],"author":[{"embeddable":true,"href":"https:\/\/sculpteurpradier.com\/index.php\/wp-json\/wp\/v2\/users\/1"}],"replies":[{"embeddable":true,"href":"https:\/\/sculpteurpradier.com\/index.php\/wp-json\/wp\/v2\/comments?post=337"}],"version-history":[{"count":23,"href":"https:\/\/sculpteurpradier.com\/index.php\/wp-json\/wp\/v2\/pages\/337\/revisions"}],"predecessor-version":[{"id":704,"href":"https:\/\/sculpteurpradier.com\/index.php\/wp-json\/wp\/v2\/pages\/337\/revisions\/704"}],"wp:attachment":[{"href":"https:\/\/sculpteurpradier.com\/index.php\/wp-json\/wp\/v2\/media?parent=337"}],"curies":[{"name":"wp","href":"https:\/\/api.w.org\/{rel}","templated":true}]}}